 - 146. Calculate the greatest common divisor of 10 and v.
10
Suppose 2*u - 72 = u. Suppose v - u = -v. What is the highest common factor of v and 9?
9
Suppose -h + 3*o = -75, 3*h - 69 = 2*h - 3*o. Let n = -44 - -73. Let g = n - 21. Calculate the greatest common divisor of h and g.
8
Let p = -13 - -19. Let z be 136/(-12) + (-4)/p. Let x = z + 18. What is the highest common divisor of x and 24?
6
Let j(g) = g**3 + 6*g**2 - 2*g + 4. Let l be j(-6). Suppose -p = 3*p - l. Calculate the highest common divisor of p and 32.
4
Let s be ((-44)/(-8) - 1)*14. Let h = -8 - -17. Calculate the greatest common divisor of s and h.
9
Let p be (-2)/(1*(-1)/2). What is the highest common divisor of 12 and p?
4
Let g = -7 - -47. Let n be 2/(-12) + (-71)/6. Let b = n + 17. What is the highest common divisor of b and g?
5
Let t(u) = u**3 - 12*u**2 - 8*u - 15. Let a be t(13). Calculate the highest common divisor of 25 and a.
25
Let s be (16/20)/(4/50). Let o = -39 - -69. What is the highest common factor of s and o?
10
Let r be 1*(4/(-4))/(-1). Calculate the greatest common divisor of 5 and r.
1
Suppose 0 = 2*a + 2*a - 68. Suppose -h = -2*h + a. Let z be (-2)/12 + 205/6. Calculate the highest common divisor of z and h.
17
Suppose -t = 5, -t + 2*t = -2*o + 51. Calculate the greatest common divisor of o and 4.
4
Suppose 2*r = -0*r. Suppose 2*x - u + 70 = 4*u, r = 4*x + 2*u + 92. Let b = x - -37. Calculate the greatest common factor of b and 60.
12
Let s(n) = -n**2 + 22*n + 54. Let r be s(24). What is the highest common factor of r and 4?
2
Suppose -2*g = 2*g - 5*q + 41, 2*g + 22 = 4*q. Let p = g - -11. Let r = -1 + 3. Calculate the highest common factor of r and p.
2
Let c be (-8)/(-1)*(5 + 3). Suppose 4*a = -u - 0*u + c, -5*a + u + 80 = 0. What is the highest common factor of 40 and a?
8
Let x be 14 + ((-2)/9 - (-11)/9). Calculate the highest common divisor of x and 5.
5
Suppose d = -11 + 37. Calculate the greatest common divisor of d and 104.
26
Let w(i) = i**3 + 6*i**2 + 3*i. Let f be w(-3). Calculate the highest common divisor of f and 36.
18
Let o be (39 + 5)/(2/1). Suppose 0 = -7*p + 9*p - o. Calculate the greatest common divisor of 99 and p.
11
Let a = 11 + 10. What is the highest common divisor of a and 3?
3
Let u = 72 + 18. What is the greatest common divisor of 15 and u?
15
Suppose -7*s - 320 = 3*s. Suppose -x - 225 = -5*c - 6*x, 2*x = 0. Let w = s + c. Calculate the greatest common divisor of w and 130.
13
Let i = 23 + 54. Calculate the highest common divisor of 7 and i.
7
Let r be 0/1 + 8 + 5. Calculate the greatest common factor of 117 and r.
13
Let t = -18 - -6. Let k = 6 - t. Calculate the highest common factor of 54 and k.
18
Suppose 18 = d - 6. Let b = 35 - d. Let a(f) = -f**2 + 6*f + 2. Let k be a(3). Calculate the highest common factor of b and k.
11
Let w = -76 - -144. Suppose 6*a = 2*a + w. Suppose -2 = u - a. Calculate the highest common factor of 120 and u.
15
Let c(f) = -f + 15. Let n be c(14). Suppose -w = n - 61. Calculate the highest common factor of w and 15.
15
Let t(r) = 2*r**2 - 2*r. Let i be t(4). Let o(n) = -n**2 + 5*n + 2. Suppose 7 = 5*y - 8. Let q be o(y). Calculate the highest common factor of i and q.
8
Let k(p) = -37 + 3*p**2 - 3*p**2 + p + 128 + p**3. Let u be k(0). Let s = 22 - 9. What is the greatest common factor of u and s?
13
Let z = -64 - -104. What is the greatest common factor of 120 and z?
40
Let v be (-1 - (-3)/2)*40. Suppose -7 = -5*m - 17. Let b be m/(4/(-10) + 0). What is the highest common divisor of b and v?
5
Let l(z) = -3*z - 1. Let d be l(-2). Suppose 5*j + 20 = 3*j - 4*w, -10 = -d*j + 2*w. Let n be 3*(0 - -5) + j. Calculate the highest common factor of n and 6.
3
Suppose 3*m - 2*d = 11, -12 = -4*m + 4*d + 4. Suppose -2*x - 2*g = -26, -m*x = -7*x + 4*g + 12. What is the highest common divisor of x and 88?
8
Let c(n) = 4*n + 7. Let b = 0 + 1. Let z be 0 + b + -2 + 8. Let y be c(z). Calculate the greatest common divisor of y and 5.
5
Suppose -810 = -5*t - 2*f, 0 = -f - 3*f. Calculate the highest common factor of 18 and t.
18
Suppose -5*k - 46 = -1. Let j(c) = -3*c - 1. Let l be j(k). Let q = 93 - 54. What is the highest common factor of q and l?
13
Let r = -5 - -8. Suppose 4*d - 16 = r*d. What is the highest common factor of d and 16?
16
Suppose 2*p = m - 18, -5*m + 4*p + 85 = -p. Calculate the greatest common divisor of m and 4.
4
Let n be ((-8)/(-14))/(4/14). Suppose 6*s - 4*s = -4*w + 30, w + n*s = 0. What is the greatest common divisor of w and 10?
10
Let l be -1 + 2 - 0/(-12). Let f be (24/(-9))/(l/(-42)). Calculate the highest common factor of 14 and f.
14
Let s = 13 - 7. Let w be 872/20 - s/(-15). Let k(o) = 3*o - 2. Let u be k(2). Calculate the greatest common divisor of w and u.
4
Let y = 53 - 31. What is the highest common factor of 55 and y?
11
Let m(a) = a**3 - 3*a**2 - 9*a + 5. Let b be m(5). What is the highest common divisor of 110 and b?
10
Let o = 144 - 131. What is the highest common divisor of o and 1?
1
Let o be (-3)/(-15) + (-48)/15. Let h be (-2 + (-8)/o)*21. Calculate the greatest common divisor of h and 7.
7
Let c = -6 - -9. Suppose 453 = 5*o - 2*v, -4*o + 367 = -0*o + c*v. What is the greatest common factor of o and 13?
13
Suppose 2*j = 5*a + 37, -6 = -a - a. What is the highest common divisor of 286 and j?
26
Let z(u) = -u**3 - 5*u**2 + 7*u + 14. Let y be z(-6). Suppose 4*r = 3*r + 64. Calculate the greatest common factor of y and r.
8
Let t(x) = -2*x - 4. Let l be (-15)/(-10) + 11/2. Let n = l + -10. Let v be t(n). What is the highest common divisor of v and 10?
2
Let i(c) = -c**3 + 4*c**2 + 3*c - 17. Let m be i(3). Calculate the highest common factor of m and 9.
1
Let d = 10 - -1. Let h(w) = 4*w + 4. Let a be h(d). Calculate the highest common divisor of 6 and a.
6
Let y = -3 + 7. Let v(g) = g**3 - 2*g**2 + g. Let f be v(-2). Let u = 54 + f. Calculate the highest common factor of u and y.
4
Let t(z) = -3*z**3 - 1. Let k = -7 - -6. Let q be t(k). Calculate the highest common factor of 5 and q.
1
Suppose -5*c + 65 + 180 = 0. Calculate the greatest common factor of c and 7.
7
Let f(b) = -52*b - 4. Let w = 20 - 12. Suppose -4*m - 4 = w. Let z be f(m). Calculate the highest common factor of z and 19.
19
Suppose 5 = 4*n - 15. Let r = n - -1. Let l = 136 - 82. What is the highest common factor of r and l?
6
Let t(y) = y**3 - 5*y**2 + y - 5. Let h be t(5). Let v be (22 + h)/(0 + 2). Calculate the highest common divisor of v and 11.
11
Suppose 3*k = -4*y + 24, -19 = -2*k + k - 5*y. Suppose -449 = k*j - 2757. Let f = j + -368. What is the highest common divisor of f and 19?
19
Suppose -3*h = q - 8, -3*q + 0*h - 2*h = -17. Calculate the highest common divisor of q and 55.
5
Suppose 0 = z - 30 + 27. Suppose 5*g + 44 = u + 204, 94 = 3*g - u. Calculate the greatest common divisor of g and z.
3
Suppose -3*j = -j - 90. Calculate the greatest common divisor of 405 and j.
45
Let k be 104/3*(-255)/(-34). Suppose -3*d - 8*r + k = -3*r, 4*d = r + 316. Calculate the greatest common divisor of 10 and d.
10
Suppose -3*g + 88 = -8. Suppose 5*l + 4*h = 4, 2*h = -5*l + 2 - 0. Suppose j - 5 = l, -2*r + 2*j + 2 = r. Calculate the greatest common factor of r and g.
4
Suppose 4*t = 3*t + 4. Suppose -4*g + 48 = t*w, 3*w + 7 = 3*g + 19. What is the greatest common factor of w and 24?
8
Suppose 17*c - 336 = 9*c. What is the greatest common factor of c and 6?
6
Let m be 1*10/4*6. What is the greatest common factor of m and 6?
3
Let n be (-34)/(-4) - 3/(-6). Let p(i) = i - 3 - 4*i + i. Let r be p(-6). What is the highest common divisor of n and r?
9
Let l(v) be the first derivative of -v**2 + v - 2. Let d be l(1). Let b be (-1 - d) + 5/1. What is the greatest common divisor of 1 and b?
1
Let y = -22 - -34. What is the highest common factor of 36 and y?
12
Let q(i) = -i**2 - 3*i + 2. Let k be q(0). Suppose 7 + 1 = 4*y. Suppose 12 = y*d - k. Calculate the highest common factor of d and 35.
7
Let o(l) = -l**3 - 10*l**2 - 2*l + 27. Let u be o(-11). Calculate the greatest common factor of 10 and u.
10
Let d be (52 - -5)*(12/9 - 1). What is the greatest common divisor of 171 and d?
19
Let n be (6/3)/((-2)/(-2)). Let g be (-15)/5 + 1*31. Suppose -g = -n*l + 16. What is the greatest common factor of l and 66?
22
Let r = -8 